{"id":275,"date":"2026-02-25T15:24:50","date_gmt":"2026-02-25T14:24:50","guid":{"rendered":"https:\/\/kdesign-kamilaklima.pl\/?page_id=275"},"modified":"2026-04-09T18:05:25","modified_gmt":"2026-04-09T16:05:25","slug":"oferta","status":"publish","type":"page","link":"https:\/\/kdesign-kamilaklima.pl\/index.php\/oferta\/","title":{"rendered":"Oferta"},"content":{"rendered":"<p>[et_pb_section fb_built=&#8221;1&#8243; _builder_version=&#8221;4.27.5&#8243; _module_preset=&#8221;default&#8221; background_image=&#8221;http:\/\/kdesign-kamilaklima.pl\/wp-content\/uploads\/2026\/03\/k-design-kamila-klima-projektowanie-graficzne-identyfikacja-wizualna-instagram.png&#8221; min_height=&#8221;390px&#8221; custom_margin=&#8221;||6px|||&#8221; global_colors_info=&#8221;{}&#8221;][et_pb_row _builder_version=&#8221;4.27.5&#8243; _module_preset=&#8221;default&#8221; custom_margin=&#8221;-3%||-3%||false|false&#8221; global_colors_info=&#8221;{}&#8221;][et_pb_column type=&#8221;4_4&#8243; _builder_version=&#8221;4.27.5&#8243; _module_preset=&#8221;default&#8221; transform_scale=&#8221;90%|90%&#8221; animation_style=&#8221;fade&#8221; global_colors_info=&#8221;{}&#8221;][et_pb_image src=&#8221;http:\/\/kdesign-kamilaklima.pl\/wp-content\/uploads\/2026\/03\/oferta-k-design-kamila-klima-graphic-designer.png&#8221; title_text=&#8221;oferta-k-design-kamila-klima-graphic-designer&#8221; align=&#8221;center&#8221; _builder_version=&#8221;4.27.5&#8243; _module_preset=&#8221;default&#8221; custom_margin=&#8221;-5%||-5%||false|false&#8221; global_colors_info=&#8221;{}&#8221;][\/et_pb_image][\/et_pb_column][\/et_pb_row][\/et_pb_section][et_pb_section fb_built=&#8221;1&#8243; _builder_version=&#8221;4.27.5&#8243; _module_preset=&#8221;default&#8221; global_colors_info=&#8221;{}&#8221;][et_pb_row column_structure=&#8221;1_2,1_2&#8243; _builder_version=&#8221;4.27.5&#8243; _module_preset=&#8221;default&#8221; max_width=&#8221;1350px&#8221; hover_enabled=&#8221;0&#8243; global_colors_info=&#8221;{}&#8221; sticky_enabled=&#8221;0&#8243;][et_pb_column type=&#8221;1_2&#8243; _builder_version=&#8221;4.27.5&#8243; _module_preset=&#8221;default&#8221; global_colors_info=&#8221;{}&#8221;][et_pb_pricing_tables featured_table_header_background_color=&#8221;#af5a57&#8243; featured_table_header_text_color=&#8221;#FFFFFF&#8221; header_background_color=&#8221;#af5a57&#8243; featured_table_bullet_color=&#8221;#af5a57&#8243; bullet_color=&#8221;#af5a57&#8243; featured_table_price_background_color=&#8221;#FFFFFF&#8221; featured_table_price_color=&#8221;#000000&#8243; featured_table_currency_frequency_text_color=&#8221;#000000&#8243; _builder_version=&#8221;4.27.5&#8243; _module_preset=&#8221;default&#8221; currency_frequency_text_color=&#8221;#000000&#8243; price_text_color=&#8221;#AF5A57&#8243; header_font=&#8221;Poppins||||||||&#8221; header_font_size=&#8221;30px&#8221; header_letter_spacing=&#8221;1px&#8221; body_font=&#8221;Poppins||||||||&#8221; subheader_font=&#8221;Poppins|300|||||||&#8221; subheader_text_align=&#8221;center&#8221; subheader_font_size=&#8221;14px&#8221; price_font=&#8221;Poppins|500|||||||&#8221; price_text_align=&#8221;center&#8221; price_font_size=&#8221;70px&#8221; currency_frequency_font=&#8221;Poppins||||||||&#8221; currency_frequency_line_height=&#8221;1em&#8221; excluded_font=&#8221;Poppins||||||||&#8221; excluded_text_align=&#8221;left&#8221; custom_padding=&#8221;||15px|||&#8221; border_radii=&#8221;on|20px|20px|20px|20px&#8221; global_colors_info=&#8221;{%22gcid-primary-color%22:%91%22featured_table_bullet_color%22,%22bullet_color%22,%22featured_table_header_background_color%22,%22header_background_color%22%93}&#8221;][et_pb_pricing_table title=&#8221;BRAND STARTER&#8221; subtitle=&#8221;Dla marek, kt\u00f3re chc\u0105 zbudowa\u0107 sp\u00f3jny wizerunek od podstaw&#8221; currency=&#8221; &#8221; sum=&#8221;od 2000z\u0142&#8221; _builder_version=&#8221;4.27.5&#8243; _module_preset=&#8221;default&#8221; global_colors_info=&#8221;{}&#8221; sticky_transition=&#8221;on&#8221;]<\/p>\n<p>analiza marki i kierunek stylistyczny<\/p>\n<p>projekt logo (2 kierunki kreatywne + finalna wersja)<\/p>\n<p>strategia kolorystyczna marki<\/p>\n<p>typografia g\u0142\u00f3wna i uzupe\u0142niaj\u0105ca<\/p>\n<p>mini ksi\u0119ga znaku (zasady u\u017cycia logo i kolor\u00f3w)<\/p>\n<p>projekt wizyt\u00f3wki<\/p>\n<p>3 grafiki startowe na social media (Instagram)\u00a0<\/p>\n<p><\/p>\n<p>[\/et_pb_pricing_table][\/et_pb_pricing_tables][et_pb_button button_url=&#8221;https:\/\/kdesign-kamilaklima.pl\/index.php\/brand-starter\/?et_fb=1&#038;PageSpeed=off&#8221; button_text=&#8221;ZOBACZ WI\u0118CEJ&#8221; button_alignment=&#8221;center&#8221; _builder_version=&#8221;4.27.5&#8243; _module_preset=&#8221;default&#8221; custom_button=&#8221;on&#8221; button_text_color=&#8221;#FFFFFF&#8221; button_bg_color=&#8221;gcid-primary-color&#8221; button_border_radius=&#8221;10px&#8221; button_font=&#8221;Poppins||||||||&#8221; background_layout=&#8221;dark&#8221; global_colors_info=&#8221;{%22gcid-primary-color%22:%91%22button_bg_color%22%93}&#8221;][\/et_pb_button][\/et_pb_column][et_pb_column type=&#8221;1_2&#8243; _builder_version=&#8221;4.27.5&#8243; _module_preset=&#8221;default&#8221; global_colors_info=&#8221;{}&#8221;][et_pb_pricing_tables featured_table_header_background_color=&#8221;#af5a57&#8243; featured_table_header_text_color=&#8221;#FFFFFF&#8221; header_background_color=&#8221;#af5a57&#8243; featured_table_bullet_color=&#8221;#af5a57&#8243; bullet_color=&#8221;#af5a57&#8243; _builder_version=&#8221;4.27.5&#8243; _module_preset=&#8221;default&#8221; currency_frequency_text_color=&#8221;#000000&#8243; header_font=&#8221;Poppins||||||||&#8221; header_font_size=&#8221;30px&#8221; header_letter_spacing=&#8221;1px&#8221; body_font=&#8221;Poppins||||||||&#8221; subheader_font=&#8221;Poppins|300|||||||&#8221; subheader_text_align=&#8221;center&#8221; subheader_font_size=&#8221;14px&#8221; price_font=&#8221;Poppins|500|||||||&#8221; price_font_size=&#8221;70px&#8221; currency_frequency_font=&#8221;Poppins||||||||&#8221; excluded_font=&#8221;Poppins||||||||&#8221; excluded_text_align=&#8221;left&#8221; custom_padding=&#8221;||15px|||&#8221; border_radii=&#8221;on|20px|20px|20px|20px&#8221; global_colors_info=&#8221;{%22gcid-primary-color%22:%91%22featured_table_bullet_color%22,%22bullet_color%22,%22featured_table_header_background_color%22,%22header_background_color%22%93}&#8221;][et_pb_pricing_table title=&#8221;PAKIET REBRANDING&#8221; subtitle=&#8221;Dla marek, kt\u00f3re chc\u0105 od\u015bwie\u017cy\u0107 lub ca\u0142kowicie zmieni\u0107 wizerunek&#8221; currency=&#8221; &#8221; sum=&#8221;od 2500z\u0142&#8221; _builder_version=&#8221;4.27.5&#8243; _module_preset=&#8221;default&#8221; global_colors_info=&#8221;{}&#8221; sticky_transition=&#8221;on&#8221;]<\/p>\n<p>analiza obecnej identyfikacji marki<\/p>\n<p>okre\u015blenie kierunku zmiany<\/p>\n<p>nowy projekt logo (2 kierunki kreatywne + finalna wersja)<\/p>\n<p>od\u015bwie\u017cona strategia kolorystyczna marki<\/p>\n<p>typografia g\u0142\u00f3wna i uzupe\u0142niaj\u0105ca<\/p>\n<p>mini ksi\u0119ga znaku (zasady u\u017cycia logo i kolor\u00f3w)<\/p>\n<p>projekt nowej wizyt\u00f3wki<\/p>\n<p>6 grafik startowych na social media (Instagram)<\/p>\n<p>propozycja nowego kierunku komunikacji wizualnej\u00a0<\/p>\n<p>[\/et_pb_pricing_table][\/et_pb_pricing_tables][et_pb_button button_url=&#8221;https:\/\/kdesign-kamilaklima.pl\/index.php\/pakiet-rebranding\/&#8221; button_text=&#8221;ZOBACZ WI\u0118CEJ&#8221; button_alignment=&#8221;center&#8221; _builder_version=&#8221;4.27.5&#8243; _module_preset=&#8221;default&#8221; custom_button=&#8221;on&#8221; button_text_color=&#8221;#FFFFFF&#8221; button_bg_color=&#8221;gcid-primary-color&#8221; button_border_radius=&#8221;10px&#8221; button_font=&#8221;Poppins||||||||&#8221; global_colors_info=&#8221;{%22gcid-primary-color%22:%91%22button_bg_color%22%93}&#8221;][\/et_pb_button][\/et_pb_column][\/et_pb_row][et_pb_row column_structure=&#8221;1_2,1_2&#8243; _builder_version=&#8221;4.27.5&#8243; _module_preset=&#8221;default&#8221; max_width=&#8221;1350px&#8221; global_colors_info=&#8221;{}&#8221;][et_pb_column type=&#8221;1_2&#8243; _builder_version=&#8221;4.27.5&#8243; _module_preset=&#8221;default&#8221; global_colors_info=&#8221;{}&#8221;][et_pb_pricing_tables featured_table_header_background_color=&#8221;#af5a57&#8243; featured_table_header_text_color=&#8221;#FFFFFF&#8221; header_background_color=&#8221;#af5a57&#8243; featured_table_bullet_color=&#8221;#af5a57&#8243; bullet_color=&#8221;#af5a57&#8243; _builder_version=&#8221;4.27.5&#8243; _module_preset=&#8221;default&#8221; currency_frequency_text_color=&#8221;#000000&#8243; header_font=&#8221;Poppins||||||||&#8221; header_font_size=&#8221;30px&#8221; header_letter_spacing=&#8221;1px&#8221; body_font=&#8221;Poppins||||||||&#8221; subheader_font=&#8221;Poppins|300|||||||&#8221; subheader_text_align=&#8221;center&#8221; subheader_font_size=&#8221;14px&#8221; price_font=&#8221;Poppins|500|||||||&#8221; price_font_size=&#8221;70px&#8221; currency_frequency_font=&#8221;Poppins||||||||&#8221; excluded_font=&#8221;Poppins||||||||&#8221; excluded_text_align=&#8221;left&#8221; custom_padding=&#8221;||15px|||&#8221; border_radii=&#8221;on|20px|20px|20px|20px&#8221; global_colors_info=&#8221;{%22gcid-primary-color%22:%91%22featured_table_bullet_color%22,%22bullet_color%22,%22featured_table_header_background_color%22,%22header_background_color%22%93}&#8221;][et_pb_pricing_table title=&#8221;PAKIET INSTA&#8221; subtitle=&#8221;Dla marek, kt\u00f3re chc\u0105 regularnej, estetycznej obecno\u015bci&#8221; currency=&#8221; &#8221; sum=&#8221;od 1000z\u0142\/m&#8221; _builder_version=&#8221;4.27.5&#8243; _module_preset=&#8221;default&#8221; global_colors_info=&#8221;{}&#8221; sticky_transition=&#8221;on&#8221;]<\/p>\n<p>audyt aktualnego profilu<\/p>\n<p>8 post\u00f3w (grafiki statyczne)<\/p>\n<p>8 stories<\/p>\n<p>praca na gotowych szablonach do wyboru<\/p>\n<p>zmiana kolor\u00f3w, tre\u015bci i zdj\u0119\u0107 zgodnie z identyfikacj\u0105 marki<\/p>\n<p>zachowanie sp\u00f3jno\u015bci wizualnej feedu<\/p>\n<p>plan publikacji<\/p>\n<p>przygotowanie tre\u015bci z wyprzedzeniem<\/p>\n<p>opcja publikacji tre\u015bci +200 z\u0142\u00a0<\/p>\n<p>[\/et_pb_pricing_table][\/et_pb_pricing_tables][et_pb_button button_url=&#8221;https:\/\/kdesign-kamilaklima.pl\/index.php\/pakiet-insta\/&#8221; button_text=&#8221;ZOBACZ WI\u0118CEJ&#8221; button_alignment=&#8221;center&#8221; _builder_version=&#8221;4.27.5&#8243; _module_preset=&#8221;default&#8221; custom_button=&#8221;on&#8221; button_text_color=&#8221;#FFFFFF&#8221; button_bg_color=&#8221;gcid-primary-color&#8221; button_border_radius=&#8221;10px&#8221; button_font=&#8221;Poppins||||||||&#8221; background_layout=&#8221;dark&#8221; global_colors_info=&#8221;{%22gcid-primary-color%22:%91%22button_bg_color%22%93}&#8221;][\/et_pb_button][\/et_pb_column][et_pb_column type=&#8221;1_2&#8243; _builder_version=&#8221;4.27.5&#8243; _module_preset=&#8221;default&#8221; global_colors_info=&#8221;{}&#8221;][et_pb_pricing_tables featured_table_header_background_color=&#8221;#af5a57&#8243; featured_table_header_text_color=&#8221;#FFFFFF&#8221; header_background_color=&#8221;#af5a57&#8243; featured_table_bullet_color=&#8221;#af5a57&#8243; bullet_color=&#8221;#af5a57&#8243; _builder_version=&#8221;4.27.5&#8243; _module_preset=&#8221;default&#8221; currency_frequency_text_color=&#8221;#000000&#8243; header_font=&#8221;Poppins||||||||&#8221; header_font_size=&#8221;30px&#8221; header_letter_spacing=&#8221;1px&#8221; body_font=&#8221;Poppins||||||||&#8221; subheader_font=&#8221;Poppins|300|||||||&#8221; subheader_text_align=&#8221;center&#8221; subheader_font_size=&#8221;14px&#8221; price_font=&#8221;Poppins|500|||||||&#8221; price_font_size=&#8221;70px&#8221; currency_frequency_font=&#8221;Poppins||||||||&#8221; excluded_font=&#8221;Poppins||||||||&#8221; excluded_text_align=&#8221;left&#8221; custom_padding=&#8221;||15px|||&#8221; border_radii=&#8221;on|20px|20px|20px|20px&#8221; global_colors_info=&#8221;{%22gcid-primary-color%22:%91%22featured_table_bullet_color%22,%22bullet_color%22,%22featured_table_header_background_color%22,%22header_background_color%22%93}&#8221;][et_pb_pricing_table title=&#8221;PAKIET INSTA+&#8221; subtitle=&#8221;Dla marek, kt\u00f3re chc\u0105 wyr\u00f3\u017cnia\u0107 si\u0119 wizualnie&#8221; currency=&#8221; &#8221; sum=&#8221;od 1500z\u0142\/m&#8221; _builder_version=&#8221;4.27.5&#8243; _module_preset=&#8221;default&#8221; global_colors_info=&#8221;{}&#8221; sticky_transition=&#8221;on&#8221;]<\/p>\n<p>audyt aktualnego profilu<\/p>\n<p>10 post\u00f3w (w tym 2 karuzele)<\/p>\n<p>12 stories<\/p>\n<p>2 rolki (prosty monta\u017c + ok\u0142adka)<\/p>\n<p>autorski styl graficzny dopasowany do marki<\/p>\n<p>storytelling wizualny i wi\u0119ksza swoboda kreatywna<\/p>\n<p>plan publikacji<\/p>\n<p>przygotowanie tre\u015bci z wyprzedzeniem<\/p>\n<p>opcja publikacji tre\u015bci +200 z\u0142\u00a0<\/p>\n<p>[\/et_pb_pricing_table][\/et_pb_pricing_tables][et_pb_button button_url=&#8221;https:\/\/kdesign-kamilaklima.pl\/index.php\/pakiet-insta-plus\/&#8221; button_text=&#8221;ZOBACZ WI\u0118CEJ&#8221; button_alignment=&#8221;center&#8221; _builder_version=&#8221;4.27.5&#8243; _module_preset=&#8221;default&#8221; custom_button=&#8221;on&#8221; button_text_color=&#8221;#FFFFFF&#8221; button_bg_color=&#8221;gcid-primary-color&#8221; button_border_radius=&#8221;10px&#8221; button_font=&#8221;Poppins||||||||&#8221; global_colors_info=&#8221;{%22gcid-primary-color%22:%91%22button_bg_color%22%93}&#8221;][\/et_pb_button][\/et_pb_column][\/et_pb_row][\/et_pb_section][et_pb_section fb_built=&#8221;1&#8243; admin_label=&#8221;Footer&#8221; _builder_version=&#8221;4.27.5&#8243; background_color=&#8221;gcid-secondary-color&#8221; width=&#8221;100%&#8221; max_width=&#8221;100%&#8221; module_alignment=&#8221;center&#8221; min_height=&#8221;100px&#8221; height=&#8221;341px&#8221; max_height=&#8221;239px&#8221; custom_margin=&#8221;0px||0px||true|false&#8221; custom_margin_tablet=&#8221;120px||50px||false|false&#8221; custom_margin_phone=&#8221;80px||||false|false&#8221; custom_margin_last_edited=&#8221;on|phone&#8221; saved_tabs=&#8221;all&#8221; locked=&#8221;off&#8221; global_colors_info=&#8221;{%22gcid-secondary-color%22:%91%22background_color%22%93}&#8221;][et_pb_row _builder_version=&#8221;4.27.5&#8243; _module_preset=&#8221;default&#8221; global_colors_info=&#8221;{}&#8221;][et_pb_column type=&#8221;4_4&#8243; _builder_version=&#8221;4.27.5&#8243; _module_preset=&#8221;default&#8221; global_colors_info=&#8221;{}&#8221;][et_pb_image src=&#8221;http:\/\/kdesign-kamilaklima.pl\/wp-content\/uploads\/2026\/02\/logo_krem-1.png&#8221; title_text=&#8221;logo_krem&#8221; align=&#8221;center&#8221; _builder_version=&#8221;4.27.5&#8243; _module_preset=&#8221;default&#8221; width=&#8221;13%&#8221; max_width=&#8221;19%&#8221; custom_margin=&#8221;-73px||||false|false&#8221; global_colors_info=&#8221;{}&#8221;][\/et_pb_image][\/et_pb_column][\/et_pb_row][et_pb_row _builder_version=&#8221;4.27.5&#8243; _module_preset=&#8221;default&#8221; global_colors_info=&#8221;{}&#8221;][et_pb_column type=&#8221;4_4&#8243; _builder_version=&#8221;4.27.5&#8243; _module_preset=&#8221;default&#8221; global_colors_info=&#8221;{}&#8221;][et_pb_social_media_follow _builder_version=&#8221;4.27.5&#8243; _module_preset=&#8221;default&#8221; transform_scale=&#8221;188%|188%&#8221; text_orientation=&#8221;center&#8221; custom_margin=&#8221;-38px|0px||0px|false|false&#8221; custom_padding=&#8221;0px|||0px|false|false&#8221; global_colors_info=&#8221;{}&#8221;][et_pb_social_media_follow_network social_network=&#8221;instagram&#8221; url=&#8221;https:\/\/www.instagram.com\/k.design_kamila.klima&#8221; icon_color=&#8221;#f8e3dc&#8221; _builder_version=&#8221;4.27.5&#8243; _module_preset=&#8221;default&#8221; background_color=&#8221;RGBA(255,255,255,0)&#8221; background_enable_color=&#8221;on&#8221; custom_margin=&#8221;|-12px|||false|false&#8221; global_colors_info=&#8221;{}&#8221; follow_button=&#8221;off&#8221; url_new_window=&#8221;on&#8221;]instagram[\/et_pb_social_media_follow_network][et_pb_social_media_follow_network social_network=&#8221;tiktok&#8221; url=&#8221;https:\/\/www.tiktok.com\/@k.design_kamila.k?_r=1&#038;_t=zn-93gz5rljm7a&#8221; icon_color=&#8221;#f8e3dc&#8221; _builder_version=&#8221;4.27.5&#8243; _module_preset=&#8221;default&#8221; background_color=&#8221;RGBA(255,255,255,0)&#8221; background_enable_color=&#8221;on&#8221; custom_margin=&#8221;0px||||false|false&#8221; global_colors_info=&#8221;{}&#8221; follow_button=&#8221;off&#8221; url_new_window=&#8221;on&#8221;]tiktok[\/et_pb_social_media_follow_network][\/et_pb_social_media_follow][\/et_pb_column][\/et_pb_row][\/et_pb_section]<\/p>\n","protected":false},"excerpt":{"rendered":"<p>analiza marki i kierunek stylistyczny projekt logo (2 kierunki kreatywne + finalna wersja) strategia kolorystyczna marki typografia g\u0142\u00f3wna i uzupe\u0142niaj\u0105ca mini ksi\u0119ga znaku (zasady u\u017cycia logo i kolor\u00f3w) projekt wizyt\u00f3wki 3 grafiki startowe na social media (Instagram)\u00a0analiza obecnej identyfikacji marki okre\u015blenie kierunku zmiany nowy projekt logo (2 kierunki kreatywne + finalna wersja) od\u015bwie\u017cona strategia kolorystyczna [&hellip;]<\/p>\n","protected":false},"author":1,"featured_media":0,"parent":0,"menu_order":0,"comment_status":"closed","ping_status":"closed","template":"","meta":{"_et_pb_use_builder":"on","_et_pb_old_content":"","_et_gb_content_width":"","footnotes":""},"class_list":["post-275","page","type-page","status-publish","hentry"],"_links":{"self":[{"href":"https:\/\/kdesign-kamilaklima.pl\/index.php\/wp-json\/wp\/v2\/pages\/275","targetHints":{"allow":["GET"]}}],"collection":[{"href":"https:\/\/kdesign-kamilaklima.pl\/index.php\/wp-json\/wp\/v2\/pages"}],"about":[{"href":"https:\/\/kdesign-kamilaklima.pl\/index.php\/wp-json\/wp\/v2\/types\/page"}],"author":[{"embeddable":true,"href":"https:\/\/kdesign-kamilaklima.pl\/index.php\/wp-json\/wp\/v2\/users\/1"}],"replies":[{"embeddable":true,"href":"https:\/\/kdesign-kamilaklima.pl\/index.php\/wp-json\/wp\/v2\/comments?post=275"}],"version-history":[{"count":21,"href":"https:\/\/kdesign-kamilaklima.pl\/index.php\/wp-json\/wp\/v2\/pages\/275\/revisions"}],"predecessor-version":[{"id":559,"href":"https:\/\/kdesign-kamilaklima.pl\/index.php\/wp-json\/wp\/v2\/pages\/275\/revisions\/559"}],"wp:attachment":[{"href":"https:\/\/kdesign-kamilaklima.pl\/index.php\/wp-json\/wp\/v2\/media?parent=275"}],"curies":[{"name":"wp","href":"https:\/\/api.w.org\/{rel}","templated":true}]}}